are the prime factors of 4039582981?
7, 82440469
List the prime factors of 415860530.
2, 5, 1381, 30113
What are the prime factors of 51835988?
2, 12958997
List the prime factors of 4731708974.
2, 17, 67, 2077133
What are the prime factors of 162189007?
157, 331, 3121
List the prime factors of 17371355.
5, 43, 1879
What are the prime factors of 701783324?
2, 11, 17, 229, 241
List the prime factors of 52001912.
2, 17, 137, 2791
What are the prime factors of 1892768071?
1892768071
List the prime factors of 769027094.
2, 11, 34955777
List the prime factors of 344018133.
3, 67, 570511
List the prime factors of 3725395169.
23, 47, 59, 58411
What are the prime factors of 1167212392?
2, 197, 359, 2063
What are the prime factors of 11644815?
3, 5, 7, 13, 19, 449
What are the prime factors of 42712718?
2, 3271, 6529
List the prime factors of 171019546.
2, 71, 1204363
List the prime factors of 48200666.
2, 41, 587813
What are the prime factors of 694787405?
5, 13, 3169, 3373
List the prime factors of 244137484.
2, 929, 65699
What are the prime factors of 60152285?
5, 1091, 11027
List the prime factors of 4663774411.
619, 7534369
What are the prime factors of 7129339106?
2, 19, 743, 252509
List the prime factors of 220090068.
2, 3, 11, 229, 809
List the prime factors of 29638298.
2, 14819149
List the prime factors of 28094594.
2, 11, 41, 31147
List the prime factors of 228893250.
2, 3, 5, 83, 3677
What are the prime factors of 985875056?
2, 7457, 8263
List the prime factors of 522907633.
522907633
What are the prime factors of 10645955?
5, 73, 29167
What are the prime factors of 30056504?
2, 3757063
What are the prime factors of 165207879?
3, 773, 23747
What are the prime factors of 1354438533?
3, 7, 29, 2224037
List the prime factors of 1754471779.
1754471779
What are the prime factors of 615728137?
37, 43, 387007
List the prime factors of 1087265375.
5, 7, 233, 5333
What are the prime factors of 5137430340?
2, 3, 5, 7, 12231977
What are the prime factors of 2342628434?
2, 37, 31657141
What are the prime factors of 11017011?
3, 59, 67, 929
What are the prime factors of 45779701?
11, 4161791
What are the prime factors of 1821413641?
1229, 1482029
List the prime factors of 6772661240.
2, 5, 169316531
What are the prime factors of 41645935?
5, 8329187
What are the prime factors of 162518060?
2, 5, 37, 219619
List the prime factors of 603817601.
47, 67, 191749
List the prime factors of 1335665016.
2, 3, 7, 23, 115223
What are the prime factors of 13791117?
3, 4597039
List the prime factors of 784957911.
3, 8969, 29173
What are the prime factors of 5787502539?
3, 7, 13, 21199643
What are the prime factors of 541604177?
19, 61, 281, 1663
List the prime factors of 24763967.
431, 57457
What are the prime factors of 1383377394?
2, 3, 7, 1709, 19273
List the prime factors of 77168586.
2, 3, 11, 83, 14087
What are the prime factors of 277757102?
2, 7, 251, 79043
What are the prime factors of 444448372?
2, 109, 1019377
List the prime factors of 1894506943.
7, 43, 899149
What are the prime factors of 221517724?
2, 55379431
What are the prime factors of 17756195?
5, 3551239
List the prime factors of 5400237569.
113, 47789713
What are the prime factors of 1013828962?
2, 79, 631, 10169
List the prime factors of 619920630.
2, 3, 5, 7, 271, 3631
What are the prime factors of 38941597?
149, 261353
List the prime factors of 3795038290.
2, 5, 31, 12242059
What are the prime factors of 23904712?
2, 13, 17681
What are the prime factors of 162227704?
2, 241, 84143
What are the prime factors of 1096696413?
3, 41, 563, 5279
List the prime factors of 74950874.
2, 149, 251513
List the prime factors of 1011044467.
1011044467
What are the prime factors of 14588639?
13, 113, 9931
What are the prime factors of 472964945?
5, 59, 947, 1693
List the prime factors of 3091308794.
2, 7, 220807771
List the prime factors of 1081678823.
71, 79, 192847
List the prime factors of 5128831642.
2, 11, 31, 67, 107, 1049
List the prime factors of 41562483.
3, 13854161
What are the prime factors of 55158150?
2, 3, 5, 367721
List the prime factors of 850364020.
2, 5, 11, 229, 16879
List the prime factors of 15853678.
2, 53, 149563
List the prime factors of 28777177.
11, 13, 61, 3299
What are the prime factors of 37060498?
2, 23, 241, 3343
List the prime factors of 1053410882.
2, 17, 19, 97, 16811
List the prime factors of 1838742652.
2, 193, 2381791
What are the prime factors of 1055309?
17, 23, 2699
List the prime factors of 137690683.
13, 47, 225353
List the prime factors of 20787881.
19, 1094099
What are the prime factors of 1000104121?
19, 29, 101, 17971
What are the prime factors of 133689635?
5, 26737927
List the prime factors of 3742697827.
11, 4027, 7681
List the prime factors of 21904388.
2, 11, 167, 271
List the prime factors of 10339961.
17, 131, 4643
List the prime factors of 10017523.
1327, 7549
What are the prime factors of 376181098?
2, 29, 6485881
What are the prime factors of 178700705?
5, 251, 142391
List the prime factors of 12310676.
2, 7, 439667
List the prime factors of 1126833290.
2, 5, 11, 10243939
List the prime factors of 8943105076.
2, 193, 11584333
What are the prime factors of 1154854838?
2, 577427419
List the prime factors of 926714575.
5, 29, 1278227
What are the prime factors of 4054886404?
2, 79, 12831919
What are the prime factors of 1790947967?
359, 4988713
List the prime factors of 215600836.
2, 11, 103, 113, 421
What are the prime factors of 147332203?
3119, 47237
List the prime factors of 2362162378.
2, 47, 263, 95549
What are the prime factors of 216694415?
5, 7, 43, 67, 307
What are the prime factors of 249352765?
5, 3169, 15737
What are the prime factors of 162617290?
2, 5, 11, 859, 1721
List the prime factors of 42845896.
2, 5355737
What are the prime factors of 1417893788?
2, 23, 15411889
List the prime factors of 179584340.
2, 5, 13, 43, 16063
What are the prime factors of 982929689?
7, 3307, 42461
List the prime factors of 13951860.
2, 3, 5, 13, 31, 577
List the prime factors of 303173998.
2, 3449, 43951
List the prime factors of 38047147.
38047147
What are the prime factors of 356036568?
2, 3, 79, 2377
List the prime factors of 319295235.
3, 5, 7, 3040907
List the prime factors of 64916132.
2, 17, 954649
List the prime factors of 382947635.
5, 7, 10941361
What are the prime factors of 773422489?
7, 29, 3809963
What are the prime factors of 796173403?
31, 61, 421033
List the prime factors of 30366726.
2, 3, 13, 17, 22901
List the prime factors of 2150612593.
1039, 2069887
What are the prime factors of 20771951?
20771951
List the prime factors of 292406366.
2, 7, 151, 138319
List the prime factors of 4103237372.
2, 13, 78908411
What are the prime factors of 47925342?
2, 3, 29, 91811
What are the prime factors of 5623161524?
2, 1405790381
What are the prime factors of 827572522?
2, 7, 23, 47, 149, 367
What are the prime factors of 1023766191?
3, 7, 16250257
List the prime factors of 916117911.
3, 33930293
What are the prime factors of 51955300?
2, 5, 519553
What are the prime factors of 803879983?
83, 317, 30553
List the prime factors of 5553219943.
4079, 1361417
List the prime factors of 10740020.
2, 5, 537001
List the prime factors of 203770360.
2, 5, 5094259
List the prime factors of 2291500696.
2, 3863, 74149
What are the prime factors of 33896764?
2, 11, 31, 24851
List the prime factors of 898140179.
23, 29, 1346537
List the prime factors of 128379464.
2, 16047433
List the prime factors of 4920239462.
2, 31, 47, 1019, 1657
What are the prime factors of 97362757?
17, 5727221
List the prime factors of 13235417.
13, 1018109
What are the prime factors of 666831980?
2, 5, 19, 4861
What are the prime factors of 2906536414?
2, 409, 3553223
What are the prime factors of 120981123?
3, 13442347
What are the prime factors of 841130660?
2, 5, 42056533
List the prime factors of 46279833.
3, 137, 112603
List the prime factors of 1252611668.
2, 7, 11, 31, 127, 1033
List the prime factors of 30580152.
2, 3, 29, 53, 829
List the prime factors of 581322704.
2, 83, 437743
What are the prime factors of 43311750?
2, 3, 5, 17, 43, 79
What are the prime factors of 1868439349?
7, 17, 79, 233, 853
What are the prime factors of 61128873?
3, 13, 522469
List the prime factors of